.
3
Suppose 7*p = 69 + 456. What are the prime factors of p?
3, 5
Suppose 0 = -5*o + 30 - 5. What are the prime factors of o?
5
Let r(h) = -h. Let n be r(5). Let z = n - -7. What are the prime factors of z?
2
Let r = 14 - 5. What are the prime factors of r?
3
Let y be 1/3 + (-44)/(-12). Suppose 0 = j - y*g + 7, -2*j + 5*g - 7 = -2. Let r = j + 5. List the prime factors of r.
2, 5
Let i = 64 + -24. List the prime factors of i.
2, 5
Let d(y) = y**2 - 9*y - 7. Let t(b) = -b. Let i(g) = -d(g) + 5*t(g). Let c be i(5). Suppose 0*a + 10 = c*a. What are the prime factors of a?
5
Let i(q) = -2*q + 1. Let o be i(8). List the prime factors of 30/4*(-100)/o.
2, 5
What are the prime factors of (-1 - -6)*1888/40?
2, 59
Let r(g) be the first derivative of 25*g**2/2 - 2*g + 3. What are the prime factors of r(2)?
2, 3
Let q(l) = 3*l - 29. List the prime factors of q(13).
2, 5
Suppose i + 3*i - 4 = 0. Let c(b) = 24*b. Let a be c(i). Suppose 6*m - 3*m - a = 0. List the prime factors of m.
2
Let u be (-36)/(-10) - (-36)/90. Suppose -u*n - n = -255. List the prime factors of n.
3, 17
Let z = 9 - 7. Suppose -z*v + 210 = 3*v. List the prime factors of v.
2, 3, 7
Let a(f) = -f**2 - 2*f - 1. Let z be a(-2). Let n(m) = 7*m**2 + 1 + 12*m**2 - 2 - 4*m**2. What are the prime factors of n(z)?
2, 7
Suppose 3*l - 17 = -5*i, 4*i + 4 = -0*l + 2*l. Let n(w) = 3 - l - 1 + 4*w. List the prime factors of n(2).
2, 3
Suppose 0 = i + 2*i + h - 385, 0 = 2*i + 4*h - 260. What are the prime factors of i?
2
Suppose 0 = 11*w - 9*w - 134. What are the prime factors of w?
67
Let i = 15 - -10. Suppose -5*l + 0*l + i = 0. Let k(o) = o**3 - 6*o**2 + 6*o + 5. What are the prime factors of k(l)?
2, 5
Suppose 49 = -5*u + 129. Let h be (-2)/(-8) + 76/u. Suppose h*l = l + 36. List the prime factors of l.
3
Suppose t + 0 + 3 = 0. Let p be (-5)/(-2)*(t + -1). List the prime factors of 0/(-3) - -1 - p.
11
Let s(d) = d**2 + 4*d + 8. List the prime factors of s(-3).
5
What are the prime factors of ((-2)/(-7))/((-2)/(-28))?
2
Suppose -5*g + 375 = 115. What are the prime factors of g?
2, 13
List the prime factors of -1 + 23 + -1 - 2.
19
Let m(w) = 6*w**2 - 3*w. Let j be m(2). Let v = 29 - j. What are the prime factors of v?
11
What are the prime factors of 1146/9 + (-4)/(-36)*-3?
127
What are the prime factors of -1 + 4 - (11 - 13)?
5
Let z be (3/(-2))/((-18)/480). Suppose -28 = -4*u + z. What are the prime factors of u?
17
Let m = 315 + -187. Suppose -3*n = n - m. List the prime factors of n.
2
Suppose 136 = s - t - 179, s + 3*t = 303. Suppose -4*n + s = -3*d, -2*d + 20 = 3*d. Suppose -5*q = 21 - n. What are the prime factors of q?
2, 3
Let t(g) = 7*g**2 + 1. Suppose 3*l = -7 + 10. List the prime factors of t(l).
2
Let a = 150 - 38. Suppose -2*c = 46 - a. Suppose 2*r - c = 1. List the prime factors of r.
17
Suppose 5*v + 2*c + 61 = 0, 3*c + 47 = -4*v + 2*c. Let b = v - -21. List the prime factors of (-38)/(-5) + 4/b.
2
Let z(h) = -h**3 - 11*h**2 - 2*h + 1. Let q = -14 + 3. List the prime factors of z(q).
23
What are the prime factors of (3 - 2) + 1 + 31?
3, 11
Suppose 0*b = -3*c + 5*b + 174, 0 = c - 3*b - 54. List the prime factors of c.
3, 7
Suppose -4*u = 5*o - 128, 3 - 31 = -o - 2*u. What are the prime factors of o?
2, 3
Let w be (-132)/(-5) - (-6)/(-15). Suppose a - w = -a. List the prime factors of a.
13
Let z = 6 - 1. Suppose -2*l = -z*u + 3, -3*l + 6 = -2*l + 5*u. What are the prime factors of (l - 10)*(-2)/6?
3
Let l(q) = -6*q**3 + q**2 - q + 1. Let d be l(1). List the prime factors of -1 - (1 + -4 + d).
7
Suppose 8*m + 78 = 10*m. List the prime factors of m.
3, 13
Let l(h) be the first derivative of -3*h**2/2 + 1. Let i(y) = y**3 + 8*y**2 + 7*y - 3. Let u be i(-7). What are the prime factors of l(u)?
3
Let m = 581 - 397. What are the prime factors of m?
2, 23
Suppose 3*n + 0*n + 3 = 3*b, -3*n = b - 5. Suppose -52 = b*w - 4*w. Suppose -y + 14 = -0*o + o, -w = -3*o + y. List the prime factors of o.
2, 5
Suppose -266 = 151*o - 153*o. List the prime factors of o.
7, 19
What are the prime factors of ((-3)/(-2))/(-2 + (-1710)/(-852))?
3, 71
What are the prime factors of 5/3*6/2?
5
Suppose 11 = 3*x - 3*q - 13, q = 2*x - 14. List the prime factors of (-1)/((-2)/x*1).
3
List the prime factors of -5 + (-1 - (-65 + -3)).
2, 31
Suppose j + 2 + 1 = 2*t, -2*t = -3*j - 1. Let p be j/((2 - 1)/5). Suppose 1 + 14 = p*k. List the prime factors of k.
3
Let c(i) = i**2 - 7*i - 11. Let a be -27*(2 + (-21)/9). Let k be c(a). Let m = k + 6. What are the prime factors of m?
13
Suppose 83 = 4*r + 5*n, 2*r + 2*n - 37 = 3. Suppose 0 = -5*h + 127 - r. List the prime factors of h.
2, 11
Suppose 0 = 4*t - 0*t + 12. Let i = t + 6. Suppose i = -s + 2*s. List the prime factors of s.
3
What are the prime factors of 45 - (0 + 4 - 0)?
41
Suppose 0 = 3*m - 12, -5*g + 8 = 4*m - 18. What are the prime factors of (-2 - -15) + (g - 4)?
11
Let r = -83 + 35. Let p be (30/(-8))/(9/r). Suppose 4*d - 3*d + 50 = 5*n, -2*n + 5*d = -p. List the prime factors of n.
2, 5
Suppose 0 = n + 4*n - 2*s - 436, -5*n - 3*s = -421. What are the prime factors of n?
2, 43
Let s be ((-6)/9)/((-2)/(-24)). Let j = s - -13. Suppose 0 = -j*x - 0*x - 5*g + 40, -4*x + 2*g = -32. List the prime factors of x.
2
Let f be (-15)/(-2)*(-8)/(-12). Let g be (f/(-3))/((-5)/15). Suppose 5*j - 4*u = 0, -2*j - 12 + g = -3*u. List the prime factors of j.
2
Suppose 0 = -10*p + 3*p + 161. What are the prime factors of p?
23
Suppose -m - a + 32 = 0, 4*m = -3*a + 2*a + 122. Let o be 0 + 2/1 - 0. Suppose -o*x - x = -m. List the prime factors of x.
2, 5
Let p(u) = 17*u**2 - 2*u**3 + 3*u + u**3 - 16*u**2. What are the prime factors of p(-3)?
3
Let v(c) = -33*c + 33*c - 3*c**2 + 1. Let i(j) = 4*j**2 - j. Let p(a) = -2*i(a) - 3*v(a). What are the prime factors of p(2)?
5
Let v(k) = 12*k + 15. List the prime factors of v(8).
3, 37
What are the prime factors of -4 + 1 - (-45)/3?
2, 3
Let j(b) = -b**3 - 4*b**2 + 6*b + 3. Let h be j(-5). Let z(w) = 5*w**2 - 3*w - 2. List the prime factors of z(h).
2, 3
Let o be (2/(-2))/(-1) + 0. Let q be ((-2)/(-5))/(o/(-5)). What are the prime factors of (1/(-3))/(q/54)?
3
List the prime factors of -1 + (-3 - -3) - 12*-8.
5, 19
Let y be 237/(-33) + 6/33. Let l = -2 - y. What are the prime factors of (l/(-2))/((-4)/8)?
5
Let l(j) be the third derivative of j**6/120 - 2*j**5/15 + j**4/24 - 5*j**3/6 - 9*j**2. What are the prime factors of l(8)?
3
Let f(j) = j**3 + 3*j**2 - 4*j. List the prime factors of f(2).
2, 3
Suppose l - 12 = -2*l. Suppose -2*z + 3*z + 3*y - l = 0, 2*z + 5*y = 10. List the prime factors of z.
2, 5
Let k = 1 + 4. Let s(w) = -w + 7. What are the prime factors of s(k)?
2
Let g = 117 + -113. List the prime factors of g.
2
Suppose 0*a - 3*a = -27. Let c = -4 - -2. Let j = c + a. List the prime factors of j.
7
Let i = 6 - 3. Suppose 40 = i*j + 5*k, 3*j - 20 = 4*k + k. What are the prime factors of j?
2, 5
Let j be (-32)/(-40) - (-1)/5. Let y be (16/6)/(2/9). Let p = y - j. What are the prime factors of p?
11
Let b be (55/10)/(1/(-2)). Let d = -6 - b. List the prime factors of d.
5
Let m(a) = a**3 - 11*a**2 + 9*a + 8. Let d be m(10). List the prime factors of ((-27)/d)/(6/12).
3
Let m(n) = n**3 - n**2 - 2*n. Let b be m(2). Suppose b = -0*l - l + 8. List the prime factors of l.
2
Suppose 0*x + 420 = 5*x. Suppose k - x = -3*k. List the prime factors of k.
3, 7
Let d = -13 + -3. Let i = 0 - d. What are the prime factors of i?
2
Suppose 3*x + 1 + 11 = 0. What are the prime factors of 1/(-2)*x*3?
2, 3
Let t = -27 - -29. List the prime factors of t.
2
Suppose 0*b + b + 12 = 4*n, 28 = 3*n + 4*b. Suppose -3*i + 3 = 2*t + 10, 17 = -n*t - 5*i. Let v = t + 10. What are the prime factors of v?
2
Let g(s) = 3*s + 1. Let k be g(6). Suppose 2*r - 22 = 4*r. Let p = r + k. What are the prime factors of p?
2
Let k be (-1)/(1/(2 + -7)). Suppose -103 = -k*u + 107. What are the prime factors of u?
2, 3, 7
Suppose -5*l + 85 = -3*h, 4*h = l + 2*l - 40. List the prime factors of l.
2, 5
Let k be (-6)/(2*6/(-8)). Suppose -2*z + k + 32 = 0. Suppose 0*l + z = 2*l. List the prime factors of l.
3
Let z = -30 - -73. List the prime factors of z.
43
List the prime factors of (-18)/(-6) + 365 - (2 + 0).
2, 3, 61
Let h = 53 - -45. List the prime factors of h.
2, 7
Let h(f